 p(f) = 17*f - 24. Let o(x) = 9*x - 13. Let k(c) = a*o(c) + 6*p(c). Determine k(4).
11
Let s be (-32)/2 - (2 - 1). Let q = 31 + s. Suppose 0 = -3*w + q - 2. Let o(n) = -n - 1. Give o(w).
-5
Let g(p) = 1 + 2 + 2 + p. Let q be -8 - 19/(114/(-84)). Calculate g(q).
11
Let o(g) = 39*g**2 - 10*g - 1. Let z be o(-3). Let p(a) = -z*a + 377*a + 0 + 0. Suppose -2*i = -6*i + 8. Give p(i).
-6
Let b(j) = j - 7. Let m(c) = -9*c - 19 + 12 - 2*c**2 + 3*c**2 + 13. Let v be m(9). Give b(v).
-1
Let m(h) be the first derivative of h**6/60 - h**5/60 - h**4/12 - 5*h**2 + 22. Let j(d) be the second derivative of m(d). Calculate j(2).
8
Suppose 5 = -4*l - h - 3, 0 = -2*l + 5*h - 26. Let o(u) = 3*u + 3. Let k(s) = 4*s + 3. Let v(t) = -2*k(t) + 3*o(t). What is v(l)?
0
Let d(i) = -2*i + 22. Let n = 2582 + -2566. What is d(n)?
-10
Let i(v) = 22*v**2 - 2*v + 3*v + 1 + 26*v**2 - 51*v**2 - 2*v**3. Determine i(1).
-3
Let b(h) = -2*h - 1. Let i(s) = 6*s + 4. Let g(w) = -4*b(w) - i(w). Let y(l) = l. Let q(j) = 5*g(j) - 8*y(j). Determine q(0).
0
Let p(g) = -2*g - 9. Let b be -1*(1 - 2) - 7. Let s be p(b). Suppose 0 = -s*r + 2 - 11. Let c(y) = -2*y + 4. Give c(r).
10
Let m(l) be the third derivative of -l**6/360 + l**5/20 - 5*l**4/24 + l**3/3 - 8*l**2. Let a(i) be the first derivative of m(i). Determine a(5).
0
Let p(g) = -g**3 - 2*g**2 - 1. Let s(v) = 2*v**3 + 13*v**2 + 8*v - 5. Let b(j) = 3*p(j) + s(j). What is b(8)?
-8
Let i be 5/7 - (-18)/63. Let l(m) = m**3 + m**2 - m. Let s(f) = -3*f**3 - f**2 + 2*f + 5. Let h(o) = i*s(o) + 4*l(o). What is h(-4)?
-3
Suppose -2*r + 0 = -4. Suppose 10 = -2*o - 3*c - 5, 5 = r*o - c. Let q(b) = -b**2 - 9. Calculate q(o).
-9
Let t(w) = -w**2 + 10*w - 4. Let k(a) = a**3 - 2*a + 3. Let r = 82 - 80. Let i be k(r). Determine t(i).
17
Let r(n) = 24*n**2 - 1. Let k(h) = -h**3 + 10*h**2 + 12*h - 12. Let v = -111 + 122. Let a be k(v). Give r(a).
23
Let r(m) = 4*m - 8. Let l be r(3). Suppose -3*p + 5*t = 4 + 8, -p + t - l = 0. Let u(c) = 3*c**3 + 5*c**2 + c**2 - c**2 - 2*c**3 + 6*c. Give u(p).
-8
Let r(g) = -3*g**3 + g**2 - 1. Let k(y) = 5*y + 7. Let f be k(-1). What is r(f)?
-21
Suppose -2*d - 4 - 8 = 3*p, p + 4 = -2*d. Let b(w) = -w**2 - 5*w + 2. Let h be b(-5). Let u(s) = 2*s**2 + 9 - 11*s**2 - s**3 + 8*s**h + 2*s**3. Calculate u(d).
9
Let z = -300 - -295. Let n(h) = -h**3 - 6*h**2 - 2*h + 4. Calculate n(z).
-11
Let u(v) = -v**2 + 61 + 21*v - 47 + 3*v**2. Let w(i) = i**2 + 10*i + 7. Let b(c) = -3*u(c) + 7*w(c). Calculate b(-6).
1
Let f(t) = -5*t + 2. Let k(v) = -3*v + 1. Let a(h) = -f(h) + 3*k(h). Give a(-1).
5
Let j be (-88)/20 - (-4)/10. Let v(k) be the second derivative of k**4/12 + k**3/2 + 2*k**2 - 355*k. What is v(j)?
8
Suppose 3*p = 46 + 62. Suppose 2*d + p = 2*s + 3*s, -30 = -4*s + 2*d. Let l(n) = n**2 - 8*n + 5. Calculate l(s).
-7
Let t(i) = i**2 + 2*i - 1. Let j = -40 + 28. Suppose -11*u + 13*u = -30. Let g = u - j. Determine t(g).
2
Let b(d) be the first derivative of -4/3*d**3 + 3*d + 8 + 7/2*d**2 - 1/4*d**4. Calculate b(-5).
-7
Let j(l) = 8*l**2 + 21*l - 23. Let z(s) = 7*s**2 + 19*s - 22. Let a(f) = -6*j(f) + 7*z(f). Determine a(-8).
-8
Let t(x) = -8*x**2 - 32*x + 7. Let u(w) be the second derivative of -11/6*w**3 + 8*w + w**2 + 0 - 1/4*w**4. Let c(n) = 4*t(n) - 11*u(n). Calculate c(5).
-4
Let a(f) = 13*f - f + 0*f - 8*f - 25 - 2*f. Determine a(10).
-5
Let a(n) = -9*n - 11. Let v(o) = 6*o - 2. Let x(s) = a(s) + 2*v(s). Determine x(4).
-3
Let j(a) = -a + 6. Let b(d) = 2*d. Let s(z) = 3*b(z) - j(z). Calculate s(4).
22
Let i(j) = -j + 12. Suppose -4*k - g + 18 = 0, -3*g + 22 = 5*k - 2*g. What is i(k)?
8
Suppose -5*k + u + 30 = -4*u, 10 = -k - 3*u. Suppose -3*d - k*r - 15 = 0, -4*d - r = r + 20. Let z(v) = -v**3 - 5*v**2 - 5*v - 7. Calculate z(d).
18
Let k = -4 - -7. Let u be (3/6)/(4/24). Let d(i) = i**3 + 4*i + 2 - 4*i**u + 4*i**k - 3*i. Calculate d(-2).
-8
Let v(m) = 12*m + 388. Let q be v(-32). Let y(g) = 5*g**2 - 20*g + 6. Calculate y(q).
6
Let f(u) = 7*u**2 - 4*u - 2. Let n(h) = -6*h**2 + 3*h + 2. Let q be (-3 + 7/2)*12. Let x(a) = q*n(a) + 5*f(a). Determine x(-4).
-6
Suppose -26 = -52*x + 26. Let y(i) = 4*i**2 + 3*i**2 - 2*i**2. Give y(x).
5
Let u(k) = k - 5. Suppose 0*o = -4*o - 48. Let i be 9/o*(-5 - 3). Suppose i*m - m = -20. Give u(m).
-9
Let o = 45 - 40. Let i(m) = 24*m - 5. Let h(a) = -16*a + 3. Let q(x) = o*i(x) + 8*h(x). Determine q(-1).
7
Suppose -y - 2*y = 3. Suppose 4*k = 3*k + 3. Let c(l) = 8*l**3 - 11*l**3 + 5*l**k - 1. Determine c(y).
-3
Let l(a) = -3*a**2 - 15*a**3 + 21*a**2 - 1 - 10*a**2 - 7*a**2. Let r be (10/(-25))/(2/5). Give l(r).
15
Let d(x) = x**2 + 30*x + 2. Let i be d(-30). Let l(k) = -k + 2637 + i*k - 2639. Give l(0).
-2
Let w(y) be the third derivative of -y**5/60 - 5*y**4/24 + y**3 + 6*y**2 + 12*y. Give w(-7).
-8
Let c(a) = -a**3 - 5*a**2 - 3*a - 1. Let l = 47 + -51. Let j be c(l). Let q(r) = r**3 + 4*r**2 - 5*r - 3. Calculate q(j).
-3
Let s be (-4)/(-5)*(-20)/4. Let b(f) be the first derivative of -2*f**2 - 3*f - 1/3*f**3 + 24. Calculate b(s).
-3
Let q(d) = 12*d**2 + d. Suppose -302 = -2*l - 300. Calculate q(l).
13
Let o(s) = -s**3 + 6*s**2 + 2*s - 6. Let y be ((-12)/9)/(-4)*27. Let l be (-2)/y + 178/(-9). Let c be 4/l - 124/(-20). Give o(c).
6
Let p(h) = -h - 1. Let x be -1 + 1 - (3 + -2)*-3. Let u(m) = 4*m - 5. Let o(t) = x*p(t) + u(t). Calculate o(6).
-2
Let k(y) = -y**2 - 3*y - 4. Suppose -31*s + 42*s + 33 = 0. What is k(s)?
-4
Let r be (0 - -8) + (-3 - 0/4). Let v(h) = -h + 9 - 2 + 6*h - r. Determine v(-2).
-8
Let c(i) = -2*i + 2. Let p(k) be the first derivative of -3*k**2/2 + 3*k + 3. Let b(z) = -5*c(z) + 3*p(z). Calculate b(-4).
-5
Let s = 6 - 0. Suppose -j = 3 - s. Let r(b) = 1 - 4*b**2 - 3*b + j*b + b - b**2. Calculate r(-1).
-5
Let g be 2/(-10) + 24/20. Let a be g + (-4)/(-2) + -1. Let h(s) = 5 - 3*s**2 - s**3 + 0*s - 3*s - 3*s**a - 3*s. Calculate h(-5).
10
Let j(i) = -5*i - 4. Suppose -5*d - 4*a = -7*d - 20, 3*d - a = -15. What is j(d)?
16
Suppose -5*n + 58 - 69 = -4*m, -4*m = n - 17. Let j(g) be the first derivative of g - 7/3*g**3 + 1 + 0*g**2. What is j(n)?
-6
Suppose -9*t = -213 + 78. Let k(y) = y**3 - 16*y**2 + 17*y - 14. What is k(t)?
16
Suppose 0 = 2*b - 7*b. Suppose 5*y = -3*r + 23, b*r + 2*r - 3*y = -10. Let x be (-2 - (r + 1))/(-1). Let m(n) = n**3 - 5*n**2 + 2*n + 5. Calculate m(x).
-3
Let a(o) be the third derivative of 5*o**4/24 + o**3/3 + 4*o**2 - 65*o. Determine a(7).
37
Let k(g) be the second derivative of g**4/12 + 3*g**3/2 + 6*g**2 - 22*g. What is k(-9)?
12
Let z(j) be the first derivative of -5*j**2/2 + 10*j + 59. Give z(7).
-25
Let n(g) = 56 - 180 + 67 + 68 - g. What is n(9)?
2
Let y(o) = o**2 + 9*o + 12. Let c = -34 - -39. Suppose 2*j + c = -4*a - 21, 4*a = 2*j - 38. Calculate y(a).
4
Suppose -39*b = -21*b + 180. Let o(i) = i**2 + 7*i - 24. Give o(b).
6
Let s(m) = -m**2 + m + 1. Let u(w) be the first derivative of -w**2 - 27*w + 3. Let h be u(-13). Let b be h*((-4)/4 - 0). Determine s(b).
1
Let r = 38 - 45. Let b(m) = 1. Let j(o) = -o + 2. Let d(i) = r*b(i) + 4*j(i). What is d(2)?
-7
Let x(j) = -3*j - 1. Let d(r) = -18*r + 4. Let v(i) = d(i) - 3*x(i). What is v(-4)?
43
Let d(l) be the third derivative of -l**5/60 + 5*l**4/24 + 5*l**3/3 - 2*l**2 - 54*l. Determine d(5).
10
Let z(v) = v**3 - 2*v**2 + 2*v - 1. Let b = -87 - -92. Suppose b*d + 7 = 12. Calculate z(d).
0
Let d(p) be the third derivative of -p**8/6720 + p**7/504 - p**6/180 - p**5/30 - 5*p**4/24 + p**2. Let h(r) be the second derivative of d(r). Give h(4).
-4
Let t(a) = -7*a + 6. Let b(n) = 109*n - 122. Let x(z) = -36*z + 41. Let d(c) = 6*b(c) + 17*x(c). Let o(l) = -6*d(l) - 35*t(l). Give o(-1).
7
Let k(v) = -v**3 - 6*v**2 - 6*v - 2. Let x(g) = 4 - 9*g - 6*g**3 - 5 + 8*g. Let l be x(-1). Let d be (10/(-6))/(2/l). What is k(d)?
3
Let k(w) = w**2 + 353 - 165 - 172 + 5*w + 3*w. Give k(-7).
9
Let m be (-14)/(-63) + 50/18. Let o(k) = 517*k**2 - 519*k**2 + m*k**3 - k**3. What is o(2)?
8
Let q(c) = 5*c**2 - 2. Let w be 2*(-4)/(-8) - -1. Let s be w/(-3) + 98/21. Suppose 0*u - 5*v - 1 = -2*u, v + 9 = -s*u. Determine q(u).
18
Let w(n) = -n - 2 + 4*n - 4*n. Suppose -6*a - 4 = 20. Give w(a).
2
Let b(u) = u**3 + 3*u**2 - 4*u + 3. Let k(z) be the third derivative of z**5/60 - z**4/4 + z**3/3 + 9*z**2. Let p be k(6). What is b